ivide 11232138?
False
Is 164 a factor of 1702632912?
True
Is 221107297 a multiple of 1787?
True
Does 11 divide 133394308?
False
Is 8 a factor of 37475553?
False
Is 2342 a factor of 670671534?
False
Is 2681 a factor of 10202185?
False
Is 275480562 a multiple of 21?
True
Does 4662 divide 82825092?
True
Does 2 divide 14929391?
False
Is 192 a factor of 691626960?
False
Is 19296710 a multiple of 26?
False
Does 48 divide 32667792?
True
Is 124 a factor of 217474796?
True
Does 80 divide 26310640?
True
Is 162228394 a multiple of 263?
True
Is 14 a factor of 354709222?
True
Does 13 divide 17488287?
False
Is 858453404 a multiple of 865?
False
Is 223474610 a multiple of 598?
False
Does 43 divide 1422550503?
False
Is 36173225 a multiple of 250?
False
Does 3390 divide 104988300?
True
Is 7 a factor of 45678647?
True
Is 266 a factor of 605868732?
True
Is 477 a factor of 39875769?
True
Does 117 divide 1766621750?
False
Does 23 divide 55483705?
True
Does 731 divide 894519583?
True
Does 4850 divide 1593456756?
False
Is 414694758 a multiple of 551?
False
Is 70507625 a multiple of 25?
True
Does 8 divide 45630083?
False
Is 17 a factor of 67674263?
True
Is 3214 a factor of 25538899?
False
Is 175252382 a multiple of 788?
False
Is 8 a factor of 1424812104?
True
Does 9 divide 25503615?
True
Is 3632769771 a multiple of 46?
False
Is 201 a factor of 1946551?
False
Is 54250900 a multiple of 281?
False
Is 22899794 a multiple of 566?
True
Is 86177563 a multiple of 761?
False
Is 2 a factor of 23327640?
True
Does 2508 divide 88219576?
False
Is 40419744 a multiple of 3?
True
Is 2907 a factor of 1474415865?
True
Is 320725062 a multiple of 1314?
True
Is 3 a factor of 2200633?
False
Is 3941 a factor of 144520411?
True
Does 13027 divide 3756309396?
True
Does 1009 divide 134960813?
True
Is 435 a factor of 133746405?
True
Is 425718712 a multiple of 19?
True
Does 47 divide 15324961?
True
Does 352 divide 5288681728?
True
Is 12510625 a multiple of 125?
True
Is 110 a factor of 2532579830?
True
Is 855681099 a multiple of 30?
False
Does 2502 divide 945705960?
True
Is 95183034 a multiple of 34?
True
Is 34 a factor of 174281085?
False
Is 147 a factor of 6405231?
True
Does 202 divide 2745988?
True
Is 472728942 a multiple of 174?
True
Is 244 a factor of 31915200?
True
Does 298 divide 1600190864?
True
Is 247593024 a multiple of 576?
True
Does 3001 divide 179405782?
True
Is 35411753 a multiple of 182?
False
Does 30 divide 33980046?
False
Does 903 divide 231012651?
False
Is 639 a factor of 1015239366?
True
Is 150 a factor of 103864484?
False
Is 270251311 a multiple of 1178?
False
Is 74 a factor of 10723632?
False
Is 9 a factor of 19021057?
False
Does 4 divide 225055392?
True
Is 2037 a factor of 1004297073?
False
Does 460 divide 6146060?
True
Is 96995914 a multiple of 289?
True
Is 18267426 a multiple of 146?
False
Is 4691789 a multiple of 8?
False
Does 48 divide 2943285936?
True
Is 364640382 a multiple of 4115?
False
Does 3021 divide 36140978?
False
Does 141 divide 37128261?
True
Is 102487619 a multiple of 43?
True
Does 19 divide 1027335591?
False
Is 8 a factor of 53800896?
True
Is 69 a factor of 1211019?
True
Does 224 divide 1004084007?
False
Does 105 divide 1528040850?
True
Is 32 a factor of 9570987?
False
Is 1405734820 a multiple of 458?
True
Is 180956379 a multiple of 210?
False
Is 192675120 a multiple of 220?
True
Is 64 a factor of 1225859711?
False
Does 376 divide 24497528?
True
Is 756 a factor of 164433780?
True
Is 24 a factor of 30360480?
True
Is 261 a factor of 38797485?
False
Does 119 divide 1635445629?
False
Does 74 divide 649221684?
True
Is 383 a factor of 63329766?
False
Is 115934218 a multiple of 797?
False
Does 148 divide 4925588?
True
Does 34 divide 343884330?
True
Is 170069152 a multiple of 19?
True
Is 492 a factor of 38213148?
True
Is 309066497 a multiple of 16?
False
Does 1764 divide 849361377?
False
Does 6 divide 1900318346?
False
Is 25499104 a multiple of 13?
False
Is 548247555 a multiple of 2435?
True
Does 27 divide 77725208?
False
Is 14 a factor of 31861611?
False
Is 3429846 a multiple of 18?
True
Does 784 divide 217083053?
False
Does 21 divide 10880079?
True
Is 287551134 a multiple of 2334?
True
Is 2293664 a multiple of 229?
True
Is 52 a factor of 16557060?
True
Is 41 a factor of 1911735219?
False
Does 6231 divide 6272964640?
False
Does 15 divide 515045610?
True
Is 1264 a factor of 269857680?
True
Does 443 divide 2131716?
True
Is 105856384 a multiple of 472?
True
Does 90 divide 16548570?
True
Does 22 divide 77531102?
True
Is 334 a factor of 21594245?
False
Is 446410541 a multiple of 63?
False
Is 516014451 a multiple of 13?
False
Is 64 a factor of 12131224?
False
Does 18 divide 4036698?
True
Is 49 a factor of 106714993?
True
Does 177 divide 135938127?
False
Is 1276 a factor of 207700900?
True
Is 49 a factor of 180158888?
True
Is 10 a factor of 840328510?
True
Is 23221417 a multiple of 11?
False
Is 1433 a factor of 76216971?
True
Does 34 divide 8450632?
True
Is 655 a factor of 2818019457?
False
Does 127 divide 514609634?
False
Is 1255913792 a multiple of 1036?
True
Does 683 divide 2189101534?
False
Is 6294512 a multiple of 16?
True
Is 37 a factor of 16478672?
False
Does 215 divide 207428028?
False
Is 112754170 a multiple of 143?
False
Is 53266630 a multiple of 3364?
False
Is 45 a factor of 45257085?
True
Is 59 a factor of 226446779?
True
Is 49 a factor of 795546169?
False
Is 9536727 even?
False
Is 2037281305 a multiple of 631?
True
Does 93 divide 19691634?
True
Is 172465692 a multiple of 98?
True
Is 161 a factor of 149977540?
False
Does 1819 divide 253904512?
False
Does 606 divide 98267786?
False
Does 362 divide 476267834?
True
Does 339 divide 20509963?
False
Does 55 divide 395206816?
False
Is 598909095 a multiple of 5?
True
Is 476871486 a multiple of 182?
True
Is 70 a factor of 155933820?
True
Is 783123230 a multiple of 5?
True
Is 81143853 a multiple of 86?
False
Does 15974 divide 4196191984?
False
Is 76361321 a multiple of 12?
False
Is 375892 a multiple of 44?
True
Does 50 divide 126452615?
False
Does 170 divide 374562513?
False
Is 120 a factor of 1156675273?
False
Is 1525 a factor of 3092890625?
True
Is 381 a factor of 4346120340?
True
Is 664 a factor of 225536232?
True
Does 35 divide 2167377100?
True
Is 77 a factor of 194939009?
False
Is 290 a factor of 47924676?
False
Is 9269205 a multiple of 3?
True
Is 3477 a factor of 433293924?
False
Does 125 divide 96150732?
False
Does 8 divide 908651354?
False
Is 127113120 a multiple of 984?
True
Is 43777362 a multiple of 1642?
True
Does 1159 divide 720516689?
True
Is 1020363222 a multiple of 276?
False
Is 447791306 a multiple of 19?
False
Does 73 divide 109799519?
True
Does 2225 divide 2550464100?
True
Does 9 divide 10727757?
True
Is 36860016 a multiple of 1760?
False
Is 11 a factor of 57801326?
True
Is 553718920 a multiple of 84?
False
Is 132539753 a multiple of 149?
False
Is 44 a factor of 27569381?
False
Is 552 a factor of 1306443792?
True
Is 248651860 a multiple of 122?
True
Does 14 divide 13000764?
True
Is 659529416 a multiple of 7?
True
Does 372 divide 338104104?
True
Is 9602550 a multiple of 30?
True
Is 13166089 a multiple of 706?
False
Is 91090728 a multiple of 18?
True
Is 102342949 a multiple of 3?
False
Is 1853 a factor of 30561529?
True
Does 165 divide 28416630?
True
Does 1442 divide 269521336?
True
Does 928 divide 227984701?
False
Is 1119771755 a multiple of 323?
False
Is 1105943791 a multiple of 347?
False
Is 28 a factor of 26959380?
True
Is 8591584 a multiple of 71?
False
Does 210 divide 16317000?
True
Does 1507 divide 1089774994?
True
Is 34 a factor of 1302666276?
True
Is 174114166 a multiple of 3?
False
Is 252289233 a multiple of 72?
False
Does 2177 divide 559489?
True
Does 14936 divide 3823884848?
True
Is 14 a factor of 22043112?
True
Is 79660753 a multiple of 299?
False
Is 33 a factor of 431616603?
True
Is 61435010 a multiple of 13?
True
Is 327 a factor of 50217717?
True
Is 338483974 a multiple of 6553?
False
Is 9 a factor of 21626127?
True
Is 1708874278 a multiple of 794?
False
Is 884224256 a multiple of 3152?
True
Is 137 a factor of 255561992?
True
Does 5172 divide 1885525008?
True
Is 65 a factor of 2787291158?
False
Is 150 a factor of 176431939?
False
Does 19 divide 662874519?
False
Does 2849 divide 1747307